{"id":1459,"date":"2021-09-07T10:31:04","date_gmt":"2021-09-07T08:31:04","guid":{"rendered":"https:\/\/stel.asu.cas.cz\/cs\/?page_id=1459"},"modified":"2021-09-07T10:34:47","modified_gmt":"2021-09-07T08:34:47","slug":"kurz-eseletove-spektroskopie-v-ondrejove","status":"publish","type":"page","link":"https:\/\/stel.asu.cas.cz\/cs\/seminare\/kurz-eseletove-spektroskopie-v-ondrejove\/","title":{"rendered":"Kurz e\u0161eletov\u00e9 spektroskopie v Ond\u0159ejov\u011b"},"content":{"rendered":"\n<div class=\"wp-block-image\"><figure class=\"alignleft size-large is-resized\"><img loading=\"lazy\" decoding=\"async\" src=\"https:\/\/stel.asu.cas.cz\/cs\/wp-content\/uploads\/2021\/09\/P_20210903_095302s-1024x768.jpg\" alt=\"\" class=\"wp-image-1460\" width=\"306\" height=\"230\" srcset=\"https:\/\/stel.asu.cas.cz\/cs\/wp-content\/uploads\/2021\/09\/P_20210903_095302s-1024x768.jpg 1024w, https:\/\/stel.asu.cas.cz\/cs\/wp-content\/uploads\/2021\/09\/P_20210903_095302s-300x225.jpg 300w, https:\/\/stel.asu.cas.cz\/cs\/wp-content\/uploads\/2021\/09\/P_20210903_095302s-768x576.jpg 768w, https:\/\/stel.asu.cas.cz\/cs\/wp-content\/uploads\/2021\/09\/P_20210903_095302s-800x600.jpg 800w, https:\/\/stel.asu.cas.cz\/cs\/wp-content\/uploads\/2021\/09\/P_20210903_095302s-18x14.jpg 18w, https:\/\/stel.asu.cas.cz\/cs\/wp-content\/uploads\/2021\/09\/P_20210903_095302s-24x18.jpg 24w, https:\/\/stel.asu.cas.cz\/cs\/wp-content\/uploads\/2021\/09\/P_20210903_095302s-36x27.jpg 36w, https:\/\/stel.asu.cas.cz\/cs\/wp-content\/uploads\/2021\/09\/P_20210903_095302s.jpg 1200w\" sizes=\"auto, (max-width: 306px) 100vw, 306px\" \/><\/figure><\/div>\n\n\n\n<p>V t\u00fddnu 30.8.-3.9.2021 se na Stel\u00e1rn\u00edm odd\u011blen\u00ed Astronomick\u00e9ho \u00fastavu AV \u010cR konal 1. ro\u010dn\u00edk kurzu zam\u011b\u0159en\u00e9ho na e\u0161eletovou spektroskopii a m\u011b\u0159en\u00ed radi\u00e1ln\u00edch rychlost\u00ed. Celkov\u011b \u0161est magistersk\u00fdch student\u016f z Masarykovy univerzity v Brn\u011b a Karlovy univerzity v Praze se na sv\u00fdch po\u010d\u00edta\u010d\u00edch nau\u010dilo pod veden\u00edm Dr. Marka Skarky, Dr. Petra Kab\u00e1tha a jejich doktorsk\u00fdch student\u016f Mgr. Magdaleny \u0160pokov\u00e9 a Mgr. J\u00e1na \u0160ubjaka zpracov\u00e1vat e\u0161eletov\u00e1 spektra a ur\u010dovat radi\u00e1ln\u00ed rychlosti v bal\u00edku IRAF a analyzovat je v r\u016fzn\u00fdch dal\u0161\u00edch programech (nap\u0159. Exostriker). D\u016fraz byl kladen na praktickou pr\u00e1ci tak, aby ka\u017ed\u00fd ze student\u016f pro\u0161el v\u0161emi kroky redukce dat a s\u00e1m ur\u010dil radi\u00e1ln\u00ed rychlosti. Aby byla pokryta co nejv\u011bt\u0161\u00ed diverzita mo\u017en\u00fdch \u00faskal\u00ed redukce i anal\u00fdzy dat, studenti pracovali se spektry r\u016fzn\u00e9 kvality a ur\u010dovali rychlosti t\u0159\u00ed objekt\u016f s r\u016fznou amplitudou radi\u00e1ln\u00edch rychlost\u00ed, kterou dop\u0159edu neznali. Jednou z datov\u00fdch sad tak nap\u0159\u00edklad byl exoplanet\u00e1rn\u00ed kandid\u00e1t, jeho\u017e amplituda radi\u00e1ln\u00edch rychlost\u00ed byla pod detek\u010dn\u00edm limitem pou\u017eit\u00e9ho p\u0159\u00edstroje. Vyu\u017eita byla archivn\u00ed data z Ond\u0159ejovsk\u00e9ho e\u0161eletov\u00e9ho spektrografu um\u00edst\u011bn\u00e9ho na 2m Perkov\u011b dalekohledu v Ond\u0159ejov\u011b. Krom\u011b pr\u00e1ce byl prostor i na spole\u010densk\u00fd ve\u010der a dal\u0161\u00ed spole\u010dn\u00e9 aktivity. Kurz byl finan\u010dn\u011b podpo\u0159en projektem ERASMUS+.<\/p>\n","protected":false},"excerpt":{"rendered":"<p>V t\u00fddnu 30.8.-3.9.2021 se na Stel\u00e1rn\u00edm odd\u011blen\u00ed Astronomick\u00e9ho \u00fastavu AV \u010cR konal 1. ro\u010dn\u00edk kurzu zam\u011b\u0159en\u00e9ho na e\u0161eletovou spektroskopii a m\u011b\u0159en\u00ed radi\u00e1ln\u00edch rychlost\u00ed. Celkov\u011b \u0161est<\/p>\n","protected":false},"author":3,"featured_media":0,"parent":96,"menu_order":0,"comment_status":"closed","ping_status":"closed","template":"","meta":{"footnotes":""},"class_list":["post-1459","page","type-page","status-publish","hentry"],"_links":{"self":[{"href":"https:\/\/stel.asu.cas.cz\/cs\/wp-json\/wp\/v2\/pages\/1459","targetHints":{"allow":["GET"]}}],"collection":[{"href":"https:\/\/stel.asu.cas.cz\/cs\/wp-json\/wp\/v2\/pages"}],"about":[{"href":"https:\/\/stel.asu.cas.cz\/cs\/wp-json\/wp\/v2\/types\/page"}],"author":[{"embeddable":true,"href":"https:\/\/stel.asu.cas.cz\/cs\/wp-json\/wp\/v2\/users\/3"}],"replies":[{"embeddable":true,"href":"https:\/\/stel.asu.cas.cz\/cs\/wp-json\/wp\/v2\/comments?post=1459"}],"version-history":[{"count":1,"href":"https:\/\/stel.asu.cas.cz\/cs\/wp-json\/wp\/v2\/pages\/1459\/revisions"}],"predecessor-version":[{"id":1461,"href":"https:\/\/stel.asu.cas.cz\/cs\/wp-json\/wp\/v2\/pages\/1459\/revisions\/1461"}],"up":[{"embeddable":true,"href":"https:\/\/stel.asu.cas.cz\/cs\/wp-json\/wp\/v2\/pages\/96"}],"wp:attachment":[{"href":"https:\/\/stel.asu.cas.cz\/cs\/wp-json\/wp\/v2\/media?parent=1459"}],"curies":[{"name":"wp","href":"https:\/\/api.w.org\/{rel}","templated":true}]}}

Kurz ešeletové spektroskopie v Ondřejově

<div class="wp-block-image"><figure class="alignleft size-large is-resized"><img loading="lazy" decoding="async" src="https://stel.asu.cas.cz/cs/wp-content/uploads/2021/09/P_20210903_095302s-1024x768.jpg" alt="" class="wp-image-1460" width="306" height="230" srcset="https://stel.asu.cas.cz/cs/wp-content/uploads/2021/09/P_20210903_095302s-1024x768.jpg 1024w, https://stel.asu.cas.cz/cs/wp-content/uploads/2021/09/P_20210903_095302s-300x225.jpg 300w, https://stel.asu.cas.cz/cs/wp-content/uploads/2021/09/P_20210903_095302s-768x576.jpg 768w, https://stel.asu.cas.cz/cs/wp-content/uploads/2021/09/P_20210903_095302s-800x600.jpg 800w, https://stel.asu.cas.cz/cs/wp-content/uploads/2021/09/P_20210903_095302s-18x14.jpg 18w, https://stel.asu.cas.cz/cs/wp-content/uploads/2021/09/P_20210903_095302s-24x18.jpg 24w, https://stel.asu.cas.cz/cs/wp-content/uploads/2021/09/P_20210903_095302s-36x27.jpg 36w, https://stel.asu.cas.cz/cs/wp-content/uploads/2021/09/P_20210903_095302s.jpg 1200w" sizes="auto, (max-width: 306px) 100vw, 306px" /></figure></div>



<p>V týdnu 30.8.-3.9.2021 se na Stelárním oddělení Astronomického ústavu AV ČR konal 1. ročník kurzu zaměřeného na ešeletovou spektroskopii a měření radiálních rychlostí. Celkově šest magisterských studentů z Masarykovy univerzity v Brně a Karlovy univerzity v Praze se na svých počítačích naučilo pod vedením Dr. Marka Skarky, Dr. Petra Kabátha a jejich doktorských studentů Mgr. Magdaleny Špokové a Mgr. Jána Šubjaka zpracovávat ešeletová spektra a určovat radiální rychlosti v balíku IRAF a analyzovat je v různých dalších programech (např. Exostriker). Důraz byl kladen na praktickou práci tak, aby každý ze studentů prošel všemi kroky redukce dat a sám určil radiální rychlosti. Aby byla pokryta co největší diverzita možných úskalí redukce i analýzy dat, studenti pracovali se spektry různé kvality a určovali rychlosti tří objektů s různou amplitudou radiálních rychlostí, kterou dopředu neznali. Jednou z datových sad tak například byl exoplanetární kandidát, jehož amplituda radiálních rychlostí byla pod detekčním limitem použitého přístroje. Využita byla archivní data z Ondřejovského ešeletového spektrografu umístěného na 2m Perkově dalekohledu v Ondřejově. Kromě práce byl prostor i na společenský večer a další společné aktivity. Kurz byl finančně podpořen projektem ERASMUS+.</p>

<p>V týdnu 30.8.-3.9.2021 se na Stelárním oddělení Astronomického ústavu AV ČR konal 1. ročník kurzu zaměřeného na ešeletovou spektroskopii a měření radiálních rychlostí. Celkově šest</p>
