{"id":521,"date":"2021-07-02T13:59:11","date_gmt":"2021-07-02T11:59:11","guid":{"rendered":"https:\/\/stel.asu.cas.cz\/cs\/?page_id=521"},"modified":"2025-02-06T09:24:20","modified_gmt":"2025-02-06T08:24:20","slug":"historie","status":"publish","type":"page","link":"https:\/\/stel.asu.cas.cz\/cs\/perkuv-dalekohled\/historie\/","title":{"rendered":"Historie"},"content":{"rendered":"\n<p>Perk\u016fv dvoumetrov\u00fd dalekohled v Ond\u0159ejov\u011b zah\u00e1jil v\u011bdeck\u00e1 pozorov\u00e1n\u00ed v roce 1967, kdy byl slavnostn\u011b uveden do provozu u p\u0159\u00edle\u017eitosti kon\u00e1n\u00ed 13. kongresu Mezin\u00e1rodn\u00ed astronomick\u00e9 unie (IAU) v Praze. Stavba kopule byla zah\u00e1jena v roce 1963.<\/p>\n\n\n\n<p>Stavba samotn\u00e9ho teleskopu za\u010dala v z\u00e1vodech Zeiss Jena v lednu 1966 a z\u00e1stupci Astronomick\u00e9ho \u00fastavu ho ofici\u00e1ln\u011b p\u0159evzali v \u0159\u00edjnu t\u00e9ho\u017e roku. N\u00e1sledn\u011b byl dalekohled op\u011bt rozlo\u017een a po \u010d\u00e1stech p\u0159evezen do Ond\u0159ejova, kde byl znovu sestaven. Pr\u00e1ce byly dokon\u010deny v \u00fanoru 1967 a prvn\u00ed sv\u011btlo p\u0159\u00edstrojem pro\u0161lo 8. b\u0159ezna 1967. Ofici\u00e1ln\u011b byl dalekohled uveden do provozu 23. srpna 1967 b\u011bhem 13. kongresu Mezin\u00e1rodn\u00ed astronomick\u00e9 unie. Prvn\u00ed spektrum bylo p\u0159\u00edstrojem po\u0159\u00edzeno 13. \u0159\u00edjna 1967.<\/p>\n\n\n\n<p>Od po\u010d\u00e1tku byl p\u0159\u00edstroj p\u0159ev\u00e1\u017en\u011b vyu\u017e\u00edv\u00e1n pro spektroskopick\u00e9 \u00fa\u010dely. Nejprve byla spektra exponov\u00e1na na fotografick\u00e9 sklen\u011bn\u00e9 desky, od roku 1992 jsou vyu\u017e\u00edv\u00e1ny elektronick\u00e9 detektory. Mezi lety 1992 a 2000 to byl Reticon, od roku 2000 pak detektory CCD.<\/p>\n\n\n\n<p>Podrobn\u011b je historie Perkova dalekohledu zpracov\u00e1na na str\u00e1nk\u00e1ch <a href=\"https:\/\/stel.asu.cas.cz\/~slechta\/stelarni\/\" target=\"_blank\" rel=\"noopener\">Historie stel\u00e1rn\u00edho odd\u011blen\u00ed a 2m dalekohledu v Ond\u0159ejov\u011b<\/a>. Autorem p\u0159ehledu je <a href=\"https:\/\/stel.asu.cas.cz\/cs\/perkuv-dalekohled\/lide\/#slechta\">Miroslav \u0160lechta<\/a>. Upozor\u0148ujeme, \u017ee se jedn\u00e1 o pracovn\u00ed text, kter\u00fd je pr\u016fb\u011b\u017en\u011b dopl\u0148ov\u00e1n.<\/p>\n\n\n\n<h3 class=\"wp-block-heading\" id=\"technicke-vylepseni-dalekohledu\">Technick\u00e9 vylep\u0161en\u00ed dalekohledu<\/h3>\n\n\n\n<p>V minulosti dalekohled \u00fasp\u011b\u0161n\u011b pro\u0161el dv\u011bma z\u00e1sadn\u00edmi vylep\u0161en\u00edmi. V roce 2007 byla provedena modernizace \u0159\u00edd\u00edc\u00ed elektroniky p\u0159\u00edstroje. Nahrazeny byly senzory polohy a\u00a0\u0159\u00edd\u00edc\u00ed software. P\u016fvodn\u00ed elektronika, kter\u00e1 byla \u2018unik\u00e1tn\u00ed\u2019 (vyvinut\u00e1 pro pot\u0159eby tohoto konkr\u00e9tn\u00edho p\u0159\u00edstroje) a tedy obt\u00ed\u017een\u011b modernizovateln\u00e1, byla nahrazena standardn\u00edmi komer\u010dn\u00edmi technologiemi. V roce 2009 byla nov\u011b pokovena v\u0161echna zrcadla dalekohledu, co\u017e zna\u010dn\u011b zlep\u0161ilo v\u00fdkon teleskopu. Prim\u00e1rn\u00ed zrcadlo dalekohledu bylo znovu pokoveno v letech 2016\/2017 a 2024.<\/p>\n\n\n\n<p>Nejv\u00fdznamn\u011bj\u0161\u00ed a principi\u00e1ln\u00edm vylep\u0161en\u00edm za posledn\u00edch n\u011bkolik desetilet\u00ed dalekohled pro\u0161el v roce 2019. Optick\u00e1 konfigurace byla kompletn\u011b zm\u011bn\u011bna, co\u017e p\u0159ineslo zv\u00fd\u0161en\u00ed efektivity optick\u00e9ho syst\u00e9mu. V minulosti se sv\u011btlo dopravovalo do spektrograf\u016f um\u00edst\u011bn\u00fdch v coud\u00e9 ohnisku syst\u00e9mem zrcadel. Odrazn\u00e9 plochy v\u0161ak postupn\u011b degraduj\u00ed, co\u017e vede k exponenci\u00e1ln\u00edmu poklesu celkov\u00e9 \u00fa\u010dinnosti. Hlavn\u00edm vylep\u0161en\u00edm bylo um\u00edst\u011bn\u00ed optick\u00fdch vl\u00e1ken vedouc\u00edch z prim\u00e1rn\u00edho ohniska do m\u00edstnosti coud\u00e9 ohniska pod dalekohledem, kde jsou um\u00edst\u011bny spektrografy. Sou\u010dasn\u00fd teleskop tak vyu\u017e\u00edv\u00e1 pouze jednu odraznou plochu (prim\u00e1rn\u00ed zrcadlo o pr\u016fm\u011bru 2 m) m\u00edsto \u010dty\u0159 zrcadel v minulosti. D\u00edky tomuto vylep\u0161en\u00ed bylo dosa\u017eeno vy\u0161\u0161\u00ed efektivity pozorov\u00e1n\u00ed a je tak\u00e9 mo\u017en\u00e9 pozorovat slab\u0161\u00ed zdroje. Roz\u0161\u00ed\u0159ila se tak\u00e9 \u0161k\u00e1la pozorovac\u00edch program\u016f, kter\u00e9 je mo\u017en\u00e9 s upraven\u00fdm p\u0159\u00edstrojem realizovat. Modernizace otev\u0159ela \u010desk\u00fdm astronom\u016fm nov\u00e9 mo\u017enosti, op\u011bt dostali do rukou p\u0159\u00edstroj, kter\u00fd obstoj\u00ed v mezin\u00e1rodn\u00edm srovn\u00e1n\u00ed.<\/p>\n\n\n\n<p>Posledn\u00ed rekonstrukci Perkova dalekohledu se podrobn\u011b v\u011bnuje Miroslav \u0160lechta v\u00a0\u010dl\u00e1nku <a href=\"https:\/\/stel.asu.cas.cz\/cs\/wp-content\/uploads\/2022\/02\/slechta_Perek2mTel_astropis2020.pdf\" target=\"_blank\" rel=\"noreferrer noopener\">Modernizace 2m Perkova dalekohledu v<\/a>\u00a0<a href=\"https:\/\/stel.asu.cas.cz\/cs\/wp-content\/uploads\/2022\/02\/slechta_Perek2mTel_astropis2020.pdf\" target=\"_blank\" rel=\"noreferrer noopener\">Ond\u0159ejov\u011b<\/a>, kter\u00fd byl publikov\u00e1n v\u00a0\u010dasopise<strong> <\/strong><a href=\"https:\/\/www.astropis.cz\/archive\/126.listing\" target=\"_blank\" rel=\"noreferrer noopener\"><strong>Astropis<\/strong><\/a> (ro\u010dn\u00edk: 2020, \u010d\u00edslo: 3, str.: 12\u201315).<\/p>\n\n\n\n<p><\/p>\n\n\n\n<p><\/p>\n","protected":false},"excerpt":{"rendered":"<p>Perk\u016fv dvoumetrov\u00fd dalekohled v Ond\u0159ejov\u011b zah\u00e1jil v\u011bdeck\u00e1 pozorov\u00e1n\u00ed v roce 1967, kdy byl slavnostn\u011b uveden do provozu u p\u0159\u00edle\u017eitosti kon\u00e1n\u00ed 13. kongresu Mezin\u00e1rodn\u00ed astronomick\u00e9 unie<\/p>\n","protected":false},"author":3,"featured_media":0,"parent":110,"menu_order":0,"comment_status":"closed","ping_status":"closed","template":"","meta":{"footnotes":""},"class_list":["post-521","page","type-page","status-publish","hentry"],"_links":{"self":[{"href":"https:\/\/stel.asu.cas.cz\/cs\/wp-json\/wp\/v2\/pages\/521","targetHints":{"allow":["GET"]}}],"collection":[{"href":"https:\/\/stel.asu.cas.cz\/cs\/wp-json\/wp\/v2\/pages"}],"about":[{"href":"https:\/\/stel.asu.cas.cz\/cs\/wp-json\/wp\/v2\/types\/page"}],"author":[{"embeddable":true,"href":"https:\/\/stel.asu.cas.cz\/cs\/wp-json\/wp\/v2\/users\/3"}],"replies":[{"embeddable":true,"href":"https:\/\/stel.asu.cas.cz\/cs\/wp-json\/wp\/v2\/comments?post=521"}],"version-history":[{"count":14,"href":"https:\/\/stel.asu.cas.cz\/cs\/wp-json\/wp\/v2\/pages\/521\/revisions"}],"predecessor-version":[{"id":3355,"href":"https:\/\/stel.asu.cas.cz\/cs\/wp-json\/wp\/v2\/pages\/521\/revisions\/3355"}],"up":[{"embeddable":true,"href":"https:\/\/stel.asu.cas.cz\/cs\/wp-json\/wp\/v2\/pages\/110"}],"wp:attachment":[{"href":"https:\/\/stel.asu.cas.cz\/cs\/wp-json\/wp\/v2\/media?parent=521"}],"curies":[{"name":"wp","href":"https:\/\/api.w.org\/{rel}","templated":true}]}}

<p>Perkův dvoumetrový dalekohled v Ondřejově zahájil vědecká pozorování v roce 1967, kdy byl slavnostně uveden do provozu u příležitosti konání 13. kongresu Mezinárodní astronomické unie (IAU) v Praze. Stavba kopule byla zahájena v roce 1963.</p>



<p>Stavba samotného teleskopu začala v závodech Zeiss Jena v lednu 1966 a zástupci Astronomického ústavu ho oficiálně převzali v říjnu téhož roku. Následně byl dalekohled opět rozložen a po částech převezen do Ondřejova, kde byl znovu sestaven. Práce byly dokončeny v únoru 1967 a první světlo přístrojem prošlo 8. března 1967. Oficiálně byl dalekohled uveden do provozu 23. srpna 1967 během 13. kongresu Mezinárodní astronomické unie. První spektrum bylo přístrojem pořízeno 13. října 1967.</p>



<p>Od počátku byl přístroj převážně využíván pro spektroskopické účely. Nejprve byla spektra exponována na fotografické skleněné desky, od roku 1992 jsou využívány elektronické detektory. Mezi lety 1992 a 2000 to byl Reticon, od roku 2000 pak detektory CCD.</p>



<p>Podrobně je historie Perkova dalekohledu zpracována na stránkách <a href="https://stel.asu.cas.cz/~slechta/stelarni/" target="_blank" rel="noopener">Historie stelárního oddělení a 2m dalekohledu v Ondřejově</a>. Autorem přehledu je <a href="https://stel.asu.cas.cz/cs/perkuv-dalekohled/lide/#slechta">Miroslav Šlechta</a>. Upozorňujeme, že se jedná o pracovní text, který je průběžně doplňován.</p>



<h3 class="wp-block-heading" id="technicke-vylepseni-dalekohledu">Technické vylepšení dalekohledu</h3>



<p>V minulosti dalekohled úspěšně prošel dvěma zásadními vylepšeními. V roce 2007 byla provedena modernizace řídící elektroniky přístroje. Nahrazeny byly senzory polohy a řídící software. Původní elektronika, která byla ‘unikátní’ (vyvinutá pro potřeby tohoto konkrétního přístroje) a tedy obtíženě modernizovatelná, byla nahrazena standardními komerčními technologiemi. V roce 2009 byla nově pokovena všechna zrcadla dalekohledu, což značně zlepšilo výkon teleskopu. Primární zrcadlo dalekohledu bylo znovu pokoveno v letech 2016/2017 a 2024.</p>



<p>Nejvýznamnější a principiálním vylepšením za posledních několik desetiletí dalekohled prošel v roce 2019. Optická konfigurace byla kompletně změněna, což přineslo zvýšení efektivity optického systému. V minulosti se světlo dopravovalo do spektrografů umístěných v coudé ohnisku systémem zrcadel. Odrazné plochy však postupně degradují, což vede k exponenciálnímu poklesu celkové účinnosti. Hlavním vylepšením bylo umístění optických vláken vedoucích z primárního ohniska do místnosti coudé ohniska pod dalekohledem, kde jsou umístěny spektrografy. Současný teleskop tak využívá pouze jednu odraznou plochu (primární zrcadlo o průměru 2 m) místo čtyř zrcadel v minulosti. Díky tomuto vylepšení bylo dosaženo vyšší efektivity pozorování a je také možné pozorovat slabší zdroje. Rozšířila se také škála pozorovacích programů, které je možné s upraveným přístrojem realizovat. Modernizace otevřela českým astronomům nové možnosti, opět dostali do rukou přístroj, který obstojí v mezinárodním srovnání.</p>



<p>Poslední rekonstrukci Perkova dalekohledu se podrobně věnuje Miroslav Šlechta v článku <a href="https://stel.asu.cas.cz/cs/wp-content/uploads/2022/02/slechta_Perek2mTel_astropis2020.pdf" target="_blank" rel="noreferrer noopener">Modernizace 2m Perkova dalekohledu v</a> <a href="https://stel.asu.cas.cz/cs/wp-content/uploads/2022/02/slechta_Perek2mTel_astropis2020.pdf" target="_blank" rel="noreferrer noopener">Ondřejově</a>, který byl publikován v časopise<strong> </strong><a href="https://www.astropis.cz/archive/126.listing" target="_blank" rel="noreferrer noopener"><strong>Astropis</strong></a> (ročník: 2020, číslo: 3, str.: 12–15).</p>



<p></p>



<p></p>

<p>Perkův dvoumetrový dalekohled v Ondřejově zahájil vědecká pozorování v roce 1967, kdy byl slavnostně uveden do provozu u příležitosti konání 13. kongresu Mezinárodní astronomické unie</p>
