{"id":1541,"date":"2021-09-07T09:53:49","date_gmt":"2021-09-07T07:53:49","guid":{"rendered":"https:\/\/stel.asu.cas.cz\/en\/?page_id=1541"},"modified":"2022-05-04T08:14:04","modified_gmt":"2022-05-04T06:14:04","slug":"seminars-workshops-echelle-spectroscopy-course","status":"publish","type":"page","link":"https:\/\/stel.asu.cas.cz\/en\/seminars\/seminars-workshops-echelle-spectroscopy-course\/","title":{"rendered":"Echelle spectroscopy course 2021"},"content":{"rendered":"\n<div class=\"wp-block-image\"><figure class=\"alignleft size-large is-resized\"><img loading=\"lazy\" decoding=\"async\" src=\"https:\/\/stel.asu.cas.cz\/en\/wp-content\/uploads\/2021\/09\/P_20210903_095302s-1024x768.jpg\" alt=\"\" class=\"wp-image-1542\" width=\"403\" height=\"302\" srcset=\"https:\/\/stel.asu.cas.cz\/en\/wp-content\/uploads\/2021\/09\/P_20210903_095302s-1024x768.jpg 1024w, https:\/\/stel.asu.cas.cz\/en\/wp-content\/uploads\/2021\/09\/P_20210903_095302s-300x225.jpg 300w, https:\/\/stel.asu.cas.cz\/en\/wp-content\/uploads\/2021\/09\/P_20210903_095302s-768x576.jpg 768w, https:\/\/stel.asu.cas.cz\/en\/wp-content\/uploads\/2021\/09\/P_20210903_095302s-800x600.jpg 800w, https:\/\/stel.asu.cas.cz\/en\/wp-content\/uploads\/2021\/09\/P_20210903_095302s-18x14.jpg 18w, https:\/\/stel.asu.cas.cz\/en\/wp-content\/uploads\/2021\/09\/P_20210903_095302s-24x18.jpg 24w, https:\/\/stel.asu.cas.cz\/en\/wp-content\/uploads\/2021\/09\/P_20210903_095302s-36x27.jpg 36w, https:\/\/stel.asu.cas.cz\/en\/wp-content\/uploads\/2021\/09\/P_20210903_095302s.jpg 1200w\" sizes=\"auto, (max-width: 403px) 100vw, 403px\" \/><\/figure><\/div>\n\n\n\n<p>In the week of August 30-September 3, 2021, the first year of lectures dedicated to echelle spectroscopy and radial velocity determinations was held at the Astronomical Institute of the Czech Academy of Sciences in Ond\u0159ejov. Six MSc. students from the Masaryk University in Brno and Charles University in Prague learned how to reduce echelle spectra and estimate radial velocities in the IRAF package, as well as to determine radial velocities in various software packages (e.g. Exostriker) under the supervision of Dr. Marek Skarka, Dr. Petr Kab\u00e1th and their doctoral students Mgr. Magdalena \u0160pokov\u00e1 and Mgr. J\u00e1n \u0160ubjak. The emphasis was put on the practical work in the way that each of the students had to go through all the steps of the data reduction and analysis on his\/her own. To cover the most possible diversity of the issues that can come up during the analysis, the students reduced data with different quality. In addition, they analysed three objects with different amplitude of the radial velocities that they did not know in advance. For example, one of the objects was an exoplanetary candidate that has the radial velocity amplitude under the detection limit of the used instrument. For the tutorial, we used archival spectra obtained with the Ond\u0159ejov echelle spectrograph mounted on the 2m Perek telescope. Except for the work, there was also space for other common activities such as the welcome party. The project was supported by the ERASMUS+ project.  <\/p>\n","protected":false},"excerpt":{"rendered":"<p>In the week of August 30-September 3, 2021, the first year of lectures dedicated to echelle spectroscopy and radial velocity determinations was held at the<\/p>\n","protected":false},"author":3,"featured_media":0,"parent":96,"menu_order":0,"comment_status":"closed","ping_status":"closed","template":"","meta":{"footnotes":""},"class_list":["post-1541","page","type-page","status-publish","hentry"],"_links":{"self":[{"href":"https:\/\/stel.asu.cas.cz\/en\/wp-json\/wp\/v2\/pages\/1541","targetHints":{"allow":["GET"]}}],"collection":[{"href":"https:\/\/stel.asu.cas.cz\/en\/wp-json\/wp\/v2\/pages"}],"about":[{"href":"https:\/\/stel.asu.cas.cz\/en\/wp-json\/wp\/v2\/types\/page"}],"author":[{"embeddable":true,"href":"https:\/\/stel.asu.cas.cz\/en\/wp-json\/wp\/v2\/users\/3"}],"replies":[{"embeddable":true,"href":"https:\/\/stel.asu.cas.cz\/en\/wp-json\/wp\/v2\/comments?post=1541"}],"version-history":[{"count":5,"href":"https:\/\/stel.asu.cas.cz\/en\/wp-json\/wp\/v2\/pages\/1541\/revisions"}],"predecessor-version":[{"id":2711,"href":"https:\/\/stel.asu.cas.cz\/en\/wp-json\/wp\/v2\/pages\/1541\/revisions\/2711"}],"up":[{"embeddable":true,"href":"https:\/\/stel.asu.cas.cz\/en\/wp-json\/wp\/v2\/pages\/96"}],"wp:attachment":[{"href":"https:\/\/stel.asu.cas.cz\/en\/wp-json\/wp\/v2\/media?parent=1541"}],"curies":[{"name":"wp","href":"https:\/\/api.w.org\/{rel}","templated":true}]}}

<div class="wp-block-image"><figure class="alignleft size-large is-resized"><img loading="lazy" decoding="async" src="https://stel.asu.cas.cz/en/wp-content/uploads/2021/09/P_20210903_095302s-1024x768.jpg" alt="" class="wp-image-1542" width="403" height="302" srcset="https://stel.asu.cas.cz/en/wp-content/uploads/2021/09/P_20210903_095302s-1024x768.jpg 1024w, https://stel.asu.cas.cz/en/wp-content/uploads/2021/09/P_20210903_095302s-300x225.jpg 300w, https://stel.asu.cas.cz/en/wp-content/uploads/2021/09/P_20210903_095302s-768x576.jpg 768w, https://stel.asu.cas.cz/en/wp-content/uploads/2021/09/P_20210903_095302s-800x600.jpg 800w, https://stel.asu.cas.cz/en/wp-content/uploads/2021/09/P_20210903_095302s-18x14.jpg 18w, https://stel.asu.cas.cz/en/wp-content/uploads/2021/09/P_20210903_095302s-24x18.jpg 24w, https://stel.asu.cas.cz/en/wp-content/uploads/2021/09/P_20210903_095302s-36x27.jpg 36w, https://stel.asu.cas.cz/en/wp-content/uploads/2021/09/P_20210903_095302s.jpg 1200w" sizes="auto, (max-width: 403px) 100vw, 403px" /></figure></div>



<p>In the week of August 30-September 3, 2021, the first year of lectures dedicated to echelle spectroscopy and radial velocity determinations was held at the Astronomical Institute of the Czech Academy of Sciences in Ondřejov. Six MSc. students from the Masaryk University in Brno and Charles University in Prague learned how to reduce echelle spectra and estimate radial velocities in the IRAF package, as well as to determine radial velocities in various software packages (e.g. Exostriker) under the supervision of Dr. Marek Skarka, Dr. Petr Kabáth and their doctoral students Mgr. Magdalena Špoková and Mgr. Ján Šubjak. The emphasis was put on the practical work in the way that each of the students had to go through all the steps of the data reduction and analysis on his/her own. To cover the most possible diversity of the issues that can come up during the analysis, the students reduced data with different quality. In addition, they analysed three objects with different amplitude of the radial velocities that they did not know in advance. For example, one of the objects was an exoplanetary candidate that has the radial velocity amplitude under the detection limit of the used instrument. For the tutorial, we used archival spectra obtained with the Ondřejov echelle spectrograph mounted on the 2m Perek telescope. Except for the work, there was also space for other common activities such as the welcome party. The project was supported by the ERASMUS+ project.  </p>
